{"id":238,"date":"2025-05-04T19:28:02","date_gmt":"2025-05-04T19:28:02","guid":{"rendered":"https:\/\/www.jusinger.legal\/?page_id=238"},"modified":"2025-05-04T19:28:03","modified_gmt":"2025-05-04T19:28:03","slug":"datenschutz","status":"publish","type":"page","link":"https:\/\/www.jusinger.legal\/?page_id=238","title":{"rendered":"Datenschutz"},"content":{"rendered":"\n<div class=\"wp-block-group alignfull has-global-padding is-layout-constrained wp-container-core-group-is-layout-490fa1db wp-block-group-is-layout-constrained\" style=\"padding-top:var(--wp--preset--spacing--50);padding-right:var(--wp--preset--spacing--50);padding-bottom:var(--wp--preset--spacing--50);padding-left:var(--wp--preset--spacing--50)\">\n<div class=\"wp-block-group has-global-padding is-layout-constrained wp-container-core-group-is-layout-650790e1 wp-block-group-is-layout-constrained\">\n<h1 class=\"wp-block-heading has-text-align-center has-x-large-font-size\">Datenschutz<\/h1>\n\n\n\n<div style=\"height:1.25rem\" aria-hidden=\"true\" class=\"wp-block-spacer\"><\/div>\n\n\n\n<p class=\"has-text-align-center\"><\/p>\n<\/div>\n<\/div>\n\n\n\n<div class=\"wp-block-group alignfull has-base-2-background-color has-background has-global-padding is-layout-constrained wp-container-core-group-is-layout-669513ed wp-block-group-is-layout-constrained\" style=\"margin-top:0;margin-bottom:0;padding-top:var(--wp--preset--spacing--50);padding-right:var(--wp--preset--spacing--50);padding-bottom:var(--wp--preset--spacing--50);padding-left:var(--wp--preset--spacing--50)\">\n<p><strong>1.\u00a0Datenschutzerkl\u00e4rung<\/strong> <\/p>\n\n\n\n<p>Personenbezogene Daten, sind Daten, die die Identifizierung einer Person zulassen. Dies sind unter anderem der Name, die Adresse, das Geburtsdatum und die IP-Adresse. Ich nehme den Schutz und die Sicherheit Ihrer pers\u00f6nlichen Daten sehr ernst. Die Bearbeitung Ihrer personenbezogenen Daten erfolgt daher ausschlie\u00dflich im Falle Ihrer ausdr\u00fccklichen Einwilligung oder wenn eine sonstige rechtliche Grundlage (im Sinn der DSGVO) vorliegt. Es werden nur solche personenbezogenen Daten erhoben, die f\u00fcr die Durchf\u00fchrung und Abwicklung meiner Aufgaben und Leistungen erforderlich sind oder die Sie mir freiwillig zur Verf\u00fcgung gestellt haben.<\/p>\n\n\n\n<p>Sollten im Zusammenhang mit diesen Datenschutzbestimmungen Fragen auftauchen, senden Sie mir bitte ein E-Mail an folgende Adresse&nbsp;<a href=\"mailto:office@jusinger.legal\">office@jusinger.legal<\/a>.<\/p>\n\n\n\n<p><strong>2.\u00a0F\u00fcr die Datenverarbeitung verantwortlich<\/strong><\/p>\n\n\n\n<p>RA Mag. Ren\u00e9 Jusinger<br>Johann-Nepomuk-Vogl-Platz&nbsp;7\/9<br>1180 Wien<br>E-Mail:&nbsp;<a href=\"mailto:office@jusinger.legal\">office@jusinger.legal<\/a><br>Tel.: +43 1 20 16&nbsp;111<\/p>\n\n\n\n<p><strong>3.\u00a0Ihr Recht auf Auskunft und L\u00f6schung<\/strong><\/p>\n\n\n\n<p>Sie haben das Recht auf Auskunft \u00fcber Ihre gespeicherten, personenbezogenen Daten, deren Herkunft und Empf\u00e4nger und den Zweck der Datenverarbeitung, sowie ein Recht auf Berichtigung, Widerspruch, Daten\u00fcbertragung, Einschr\u00e4nkung der Bearbeitung sowie Sperrung oder L\u00f6schung unrichtiger\/unzul\u00e4ssig verarbeiteter Daten. Sie haben auch das Recht, eine allenfalls erteilte Einwilligung zur Nutzung Ihrer personenbezogenen Daten jederzeit zu widerrufen. Zur Geltendmachung der Ihnen zustehenden Betroffenenrechte (Auskunft, L\u00f6schung, Berichtigung, Widerspruch und\/oder Daten\u00fcbertragung [Sofern im Fall der Daten\u00fcbertragung nicht ein unverh\u00e4ltnism\u00e4\u00dfiger Aufwand verursacht wird]) wenden Sie sich an\u00a0<em>office@jusinger.legal<\/em>. Sofern Sie der Auffassung sind, dass die Verarbeitung Ihrer personenbezogenen Daten durch mich gegen das geltende Datenschutzrecht verst\u00f6\u00dft oder Ihre datenschutzrechtlichen Anspr\u00fcche in einer anderen Weise verletzt worden sind, besteht die M\u00f6glichkeit, dass Sie sich bei der zust\u00e4ndigen Aufsichtsbeh\u00f6rde beschweren. Dies ist in \u00d6sterreich die Datenschutzbeh\u00f6rde.<\/p>\n\n\n\n<p><strong>4.\u00a0Verwendung von Daten \u2013 Sicherheit<\/strong><\/p>\n\n\n\n<p>Die mir zur Verf\u00fcgung gestellten Daten werden nur f\u00fcr eindeutig festgelegte oder durch Ihre Einwilligung gedeckte Zwecke verarbeitet. Die Erhebung der Daten erfolgt im\u00a0Rahmen von Bestimmungen, die die Vertragsanbahnung unterst\u00fctzen oder einen bereits geschlossenen Vertrag abwickeln sollen und die im Einklang mit der DSGVO stehen. Davon ausgenommen ist die Nutzung f\u00fcr statistische Zwecke, sofern die zur Verf\u00fcgung gestellten Daten anonymisiert wurden. Sofern ich Ihre Daten f\u00fcr einen anderen Zweck weiter zu verarbeiten beabsichtige, so stelle ich Ihnen vor dieser Weiterverarbeitung Informationen \u00fcber diesen anderen Zweck und alle ma\u00dfgeblichen Informationen gem. Art 13 Abs. 2 DSGVO zur Verf\u00fcgung. Ich habe dem Stand der Technik entsprechende organisatorische und technische Vorkehrungen getroffen, um den Schutz Ihrer personenbezogenen Daten zu gew\u00e4hrleisten (Schutz gegen missbr\u00e4uchliche Verwendung sowohl von innen als auch von au\u00dfen (etwa durch Firewalls, Verschl\u00fcsselungen, Zugriffsberechtigungen, etc.). Es kann jedoch nicht ausgeschlossen werden, dass durch von mir nicht verursachte Fehler bei der Daten\u00fcbertragung oder auch unautorisiertem Zugriff durch Dritte (Hacker, etc.) Informationen von anderen Personen eingesehen oder genutzt werden. Daf\u00fcr \u00fcbernehme ich keine Haftung, sofern diese missbr\u00e4uchliche Verwendung nicht von mir schuldhaft verursacht wurde. Es ist empfehlenswert, bei der Versendung besonders sensibler Daten und Informationen den Postweg zu nutzen, da bei der E-Mail Nutzung eine angemessen hohe Sicherheit nicht gew\u00e4hrleistet werden kann.<\/p>\n\n\n\n<p><strong>5.\u00a0Weitergabe von Daten an Dritte<\/strong><\/p>\n\n\n\n<p>Grunds\u00e4tzlich stelle ich Ihre personenbezogenen Daten dritten Parteien nicht zur Verf\u00fcgung. Allerdings kann es zur Erf\u00fcllung Ihres Auftrages oder aus gesetzlichen Gr\u00fcnden erforderlich sein, Ihre Daten an vertrauensw\u00fcrdige Dritte weiterzuleiten. Dies k\u00f6nnen Gerichte oder Beh\u00f6rden oder sonstige beteiligte Dritte (auch Auftragsverarbeiter, die f\u00fcr mich t\u00e4tig sind) sein. In diesem Fall erfolgt die Weitergabe Ihrer Daten ausschlie\u00dflich auf Grundlage des DSGVO (aufgrund der von Ihnen erteilten Einwilligung, zum Zwecke der Erf\u00fcllung eines Vertrages oder der Erf\u00fcllung einer rechtlichen Verpflichtung, etc.).<\/p>\n\n\n\n<p><strong>6.\u00a0Speichern\/L\u00f6schen von Daten<\/strong><\/p>\n\n\n\n<p>Ich bewahre Ihre personenbezogenen Daten nicht l\u00e4nger auf als es f\u00fcr die Zwecke, f\u00fcr die sie verarbeitet werden, erforderlich ist. Die Aufbewahrung der Daten erfolgt auch zu Beweismittelzwecken unter Ber\u00fccksichtigung der Verj\u00e4hrungsfristen bzw. solange eine Inanspruchnahme (Haftung) von mir m\u00f6glich ist.<\/p>\n\n\n\n<p><\/p>\n<\/div>\n","protected":false},"excerpt":{"rendered":"<p>Datenschutz 1.\u00a0Datenschutzerkl\u00e4rung Personenbezogene Daten, sind Daten, die die Identifizierung einer Person zulassen. Dies sind unter anderem der Name, die Adresse, das Geburtsdatum und die IP-Adresse. Ich nehme den Schutz und die Sicherheit Ihrer pers\u00f6nlichen Daten sehr ernst. Die Bearbeitung Ihrer personenbezogenen Daten erfolgt daher ausschlie\u00dflich im Falle Ihrer ausdr\u00fccklichen Einwilligung oder wenn eine sonstige rechtliche [&hellip;]<\/p>\n","protected":false},"author":1,"featured_media":0,"parent":0,"menu_order":0,"comment_status":"closed","ping_status":"closed","template":"","meta":{"footnotes":""},"class_list":["post-238","page","type-page","status-publish","hentry"],"_links":{"self":[{"href":"https:\/\/www.jusinger.legal\/index.php?rest_route=\/wp\/v2\/pages\/238","targetHints":{"allow":["GET"]}}],"collection":[{"href":"https:\/\/www.jusinger.legal\/index.php?rest_route=\/wp\/v2\/pages"}],"about":[{"href":"https:\/\/www.jusinger.legal\/index.php?rest_route=\/wp\/v2\/types\/page"}],"author":[{"embeddable":true,"href":"https:\/\/www.jusinger.legal\/index.php?rest_route=\/wp\/v2\/users\/1"}],"replies":[{"embeddable":true,"href":"https:\/\/www.jusinger.legal\/index.php?rest_route=%2Fwp%2Fv2%2Fcomments&post=238"}],"version-history":[{"count":1,"href":"https:\/\/www.jusinger.legal\/index.php?rest_route=\/wp\/v2\/pages\/238\/revisions"}],"predecessor-version":[{"id":240,"href":"https:\/\/www.jusinger.legal\/index.php?rest_route=\/wp\/v2\/pages\/238\/revisions\/240"}],"wp:attachment":[{"href":"https:\/\/www.jusinger.legal\/index.php?rest_route=%2Fwp%2Fv2%2Fmedia&parent=238"}],"curies":[{"name":"wp","href":"https:\/\/api.w.org\/{rel}","templated":true}]}}